67 - 239?
-114806
In base 7, what is -3641 - -133545?
126604
In base 3, what is -1 + 201011220000?
201011212222
In base 3, what is -1000011112022021 - 2?
-1000011112022100
In base 10, what is -497946 - -299?
-497647
In base 14, what is 5 + -b13431?
-b1342a
In base 15, what is 25565e - -5?
255664
In base 10, what is 17 - -3156973?
3156990
In base 8, what is -6606717 - -32?
-6606665
In base 13, what is 3 + -1620b997?
-1620b994
In base 5, what is -413034014 + 23?
-413033441
In base 13, what is -9 + -207215?
-207221
In base 10, what is 8 + -147803?
-147795
In base 3, what is -22011000 - -1101111?
-20202112
In base 3, what is -110122010122000002 + -12?
-110122010122000021
In base 11, what is -445110 - -10?
-445100
In base 3, what is 11222200212200 - 2?
11222200212121
In base 4, what is 33232320 - 12131?
33220123
In base 2, what is 101111101000 - 1011111111110?
-110000010110
In base 9, what is 7081 - 581?
6400
In base 3, what is 102112 + -222100201222?
-222100022110
In base 9, what is -24626138 - 20?
-24626158
In base 6, what is -305 - -10524150?
10523441
In base 3, what is 10011 - 11111111120102?
-11111111110021
In base 10, what is -41534188 + -2?
-41534190
In base 12, what is -1 - -381391?
381390
In base 15, what is -c9 - -723?
649
In base 4, what is 2022213200 - -120303?
2023000103
In base 2, what is 101110110101101110 + 1110?
101110110101111100
In base 13, what is 2654 - -171cb?
19852
In base 2, what is -111011001011100 + -110101001?
-111100000000101
In base 5, what is -12110 + 2220031?
2202421
In base 13, what is 84075 + 15?
8408a
In base 2, what is -111001000 + 10101101110100010?
10101100111011010
In base 10, what is -14572 - 484?
-15056
In base 6, what is -124 + -24445?
-25013
In base 14, what is 340d6c1 + -8?
340d6b7
In base 4, what is -303200103323 + 11?
-303200103312
In base 7, what is -12 - 1521600546?
-1521600561
In base 6, what is 5 + -1322554543?
-1322554534
In base 15, what is -bc - -33b2?
32e5
In base 12, what is 4 - -2861478?
2861480
In base 3, what is 200000012022001102 - -11?
200000012022001120
In base 16, what is -10 + 132d48?
132d38
In base 5, what is -111144114140 + -1?
-111144114141
In base 14, what is -75799b3 - 0?
-75799b3
In base 6, what is -5344150 + 2144?
-5342002
In base 13, what is 737 - 259?
4ab
In base 4, what is -23 - -1110302012?
1110301323
In base 13, what is -4 + 1cc8413?
1cc840c
In base 16, what is -9 + -67a79?
-67a82
In base 12, what is 1 + -1a12ba?
-1a12b9
In base 5, what is -3020310 + 201?
-3020104
In base 9, what is 28833 - -42103?
72036
In base 3, what is -22102212200 + -10221?
-22110000121
In base 9, what is -184 - 2477531?
-2477725
In base 9, what is 844 + 6675?
7630
In base 16, what is -f237 - -5df?
-ec58
In base 12, what is 272 + 1789b?
17b51
In base 11, what is 2203936 + -2?
2203934
In base 12, what is 40b9 + 7748?
b845
In base 5, what is -4 + 343234210?
343234201
In base 11, what is 0 + 92a7530?
92a7530
In base 9, what is -2 + 221601233?
221601231
In base 16, what is a6311f + -1?
a6311e
In base 12, what is -1963 + 59194?
57431
In base 9, what is -2674 - 544703?
-547477
In base 4, what is -10 + -2311223031331?
-2311223032001
In base 12, what is -2921 - -1a5?
-2738
In base 16, what is -8e452581 - -1?
-8e452580
In base 5, what is 203312130 - 100?
203312030
In base 15, what is 6157c31 + 5?
6157c36
In base 8, what is 27450 - -136412?
166062
In base 14, what is 51c79 - -121d?
53098
In base 2, what is -11010111010001111110111010000 - -11?
-11010111010001111110111001101
In base 10, what is -1316 + -19484?
-20800
In base 15, what is 8b + 14220d?
142299
In base 14, what is -1c2a0cc9 - 1?
-1c2a0cca
In base 16, what is -c + 6098e0?
6098d4
In base 16, what is -fe277 - -13?
-fe264
In base 4, what is -10 - 1001000211110?
-1001000211120
In base 5, what is -221 + 110441204?
110440433
In base 5, what is 3144221004 - 1011?
3144214443
In base 9, what is -1205340 + 115?
-1205224
In base 9, what is -4 + 80611230?
80611225
In base 10, what is -11469 - 9596?
-21065
In base 7, what is -354 - -434612?
434225
In base 7, what is -41 + -56403312?
-56403353
In base 6, what is -1 + 5344520205?
5344520204
In base 14, what is -4 + -39c735?
-39c739
In base 5, what is 20232313132 - -3?
20232313140
In base 10, what is -15946804 + 1?
-15946803
In base 4, what is -1 - 10221131200232?
-10221131200233
In base 5, what is -13 - -1400300002?
1400244434
In base 8, what is 21731446 + 2?
21731450
In base 13, what is 5 + 239c215?
239c21a
In base 13, what is -2 + 7818375?
7818373
In base 7, what is -666501 + 651?
-665520
In base 15, what is -3492e0 - 16?
-349306
In base 3, what is 11201 + -21012100000?
-21012011022
In base 4, what is -12 + -22313113213?
-22313113231
In base 14, what is -2a0 + -1646d?
-1672d
In base 8, what is 10225671 - -277?
10226170
In base 3, what is 200111 + 121200012?
122100200
In base 15, what is -8 + 18bbe8?
18bbe0
In base 11, what is -251 + -314552?
-3147a3
In base 9, what is -8064376 + -1?
-8064377
In base 7, what is 121144 - -345?
121522
In base 10, what is -1377396 + 4?
-1377392
In base 10, what is 1461 + -12283?
-10822
In base 9, what is 3 - -16733418?
16733422
In base 6, what is -44553344 - 100?
-44553444
In base 13, what is -5 + -373c30?
-373c35
In base 5, what is 1301330 - 204331?
1041444
In base 9, what is -1867524 + -14?
-1867538
In base 4, what is -1032301220033 - 10?
-1032301220103
In base 6, what is -135105 + 255?
-134410
In base 12, what is 1603 + -1449?
176
In base 7, what is 154 + 31536321?
31536505
In base 6, what is -22 - -354222?
354200
In base 11, what is 150 + -111077?
-110a27
In base 13, what is 101c408 - 11?
101c3c7
In base 5, what is 1200403232 + 21?
1200403303
In base 5, what is -222041 + 10013?
-212023
In base 8, what is 304444076 + -2?
304444074
In base 15, what is 86eb4 + -15?
86e9e
In base 13, what is 34 + -1b495?
-1b461
In base 15, what is -1224d + -c7?
-12325
In base 10, what is -9 - -104384?
104375
In base 14, what is -a + 3b0101?
3b00d5
In base 10, what is 4294 + 124318?
128612
In base 16, what is -2d5637 + -27?
-2d565e
In base 8, what is -3 - -12012265?
12012262
In base 5, what is -1432 + 13034302?
13032320
In base 6, what is 25530151 - -104?
25530255
In base 3, what is -12202021 - 1000120100?
-1020022121
In base 15, what is -19e9 - -23?
-19c6
In base 16, what is 510e3 + -7c6?
5091d
In base 2, what is -101011 - -1101011010111100?
1101011010010001
In base 7, what is -10 - 54503513?
-54503523
In base 3, what is 220020211 + -11?
220020200
In base 15, what is 2674a783 + 2?
2674a785
In base 5, what is -40334404321 + 3?
-40334404313
In base 12, what is -5 + -762ab54?
-762ab59
In base 15, what is -9 - -412c6d?
412c64
In base 2, what is -1100000110 + -111001100011?
-1000101101001
In base 14, what is 0 - a391a?
-a391a
In base 10, what is -170767 - -96?
-170671
In base 9, what is 1375560384 + -1?
1375560383
In base 9, what is -720 + 513340?
512520
In base 9, what is -504 - 4471?
-5075
In base 15, what is 4a23 + -9344?
-4821
In base 6, what is 30 - 5240413?
-5240343
In base 10, what is 41679 - -1221?
42900
In base 13, what is -7127523 + 2?
-7127521
In base 14, what is 11245b1d + 2?
11245b21
In base 7, what is 4 - -205456315?
205456322
In base 10, what is 13425658 + -1?
13425657
In base 6, what is -43501 - 2120?
-50021
In base 9, what is -1 + -11400566?
-11400567
In base 16, what is 2 + -4a97e1?
-4a97df
In base 13, what is 45 - -41a9b1?
41aa26
In base 16, what is 2 + -afd7b3?
-afd7b1
In base 5, what is 4 - 34321204142?
-34321204133
In base 15, what is -bc - 1447a4?
-144871
In base 14, what is 1d3177 + -54a?
1d2a2b
In base 12, what is -18 - -242b27?
242b0b
In base 5, what is 200321 - -10132342?
10333213
In base 15, what is 1a05 - d73?
b82
In base 2, what is 11 + 11111101010010110100101?
11111101010010110101000
In base 16, what is -67efa + 2a9?
-67c51
In base 6, what is 1121153 + -4231?
1112522
In base 3, what is 1010 - -1120100111?
1120101121
In base 8, what is 6041 + -32334?
-24273
In base 7, what is -1521550 + -1261?
-1523141
In base 10, what is 813250 - -11?
813261
In base 12, what is -2073830 + -7?
-2073837
In base 2, what is -10100 + -100110000010111010100?
-100110000010111101000
In base 7, what is 0 - -261116531?
261116531
In base 16, what is 415b + -21e0?
1f7b
In base 5, what is 143 + -3214230